e the prime factors of ((-104)/6)/(20/r)?
2, 13
List the prime factors of (771*14/84)/(2/840).
2, 3, 5, 7, 257
Suppose -15*i = 5*h - 11*i - 104, 0 = -3*h + 4*i + 56. Suppose y - h*w + 23*w = 85, -3*w + 15 = 0. List the prime factors of y.
2, 5, 7
Suppose 198*s - 5580 = 136*s. List the prime factors of s.
2, 3, 5
Let w be (6/10 - (-8)/20)*0. Suppose 0 = -2*b - w*b. Suppose -3*t - 162 = -6*t + 3*q, 4*t + q - 211 = b. List the prime factors of t.
53
Suppose -3*r - 2*q = -937 - 235, 4*q = -2*r + 784. Suppose 0 = v + 5*n - r, -2*n + 710 = 3*v - 460. What are the prime factors of v?
2, 3, 5, 13
Suppose -3*u - 4*g - 4 = 0, -g - g = 8. List the prime factors of (u*4/24)/((-6)/(-4077)).
3, 151
Suppose 1779*b + 88606 = 1783*b - 5*s, -2*s = 3*b - 66420. What are the prime factors of b?
2, 173
Let d = -4242 - -6803. What are the prime factors of d?
13, 197
Let r be -124*((-24)/30 - (-33)/60). Suppose 33*s = 4*o + r*s - 4878, 2*o = -2*s + 2442. List the prime factors of o.
2, 5, 61
What are the prime factors of 2406/(304/(-32) + 11)?
2, 401
Let o be (13 + -5)*(-42)/8. Let g = 153 - 306. What are the prime factors of (-2 - o/18)/((-1)/g)?
3, 17
Let b(p) = 5*p + 12. Let t be b(-2). Suppose -2*a - r = -396, t*a - 4*r - 46 - 350 = 0. List the prime factors of a.
2, 3, 11
Suppose 17*f - 69089 = 73915. What are the prime factors of f?
2, 3, 701
Let g(o) = 44*o**2 + o**3 + 25 - 13*o - 55 - 59 - 21. What are the prime factors of g(-44)?
2, 3, 7, 11
Let s = 4958 + 3716. What are the prime factors of s?
2, 4337
Let w be -18*((-4)/14)/(3/(-28)). Let f = w - -45. What are the prime factors of ((-260)/f)/((-22)/(-66))?
2, 5, 13
Suppose 0*y + 66 = -2*y + 2*w, -3*y + 5*w = 107. Let j = y - -31. Suppose 4*d - 396 = -4*u, -j*u + 223 - 37 = -d. List the prime factors of u.
5, 19
List the prime factors of -165570*5/(-30) - 2.
41, 673
Let o(u) = -6 - 11*u + 15*u - 60*u + 16 + 0. What are the prime factors of o(-18)?
2, 509
Let x = -5859 + 3228. Let m = x + 3690. List the prime factors of m.
3, 353
Suppose -18*a = 5920 + 1496. Let r = a + 472. What are the prime factors of r?
2, 3, 5
Suppose -w = 5*t - 68, -2*t + 340 = 5*w + t. Suppose 5*s = -8 + w. Suppose 0 = -g - 2*g + s, 0 = 4*x + 4*g - 232. List the prime factors of x.
2, 3
Let x be 24/10 + -2 - 10/25. Suppose -4*v - 20 = 4*l, 0*l - 3*l - 2*v - 10 = x. Suppose l = 7*i - 619 - 123. List the prime factors of i.
2, 53
Let c(w) = -w**3 + 46*w**2 + 10. Let h be c(46). List the prime factors of (-460)/18*6*(1 - h).
2, 3, 5, 23
Suppose 3*j + 21 = 63. Suppose 0 = j*r - 65 - 327. List the prime factors of r.
2, 7
Suppose 0 = 66*c - 4*c - 53692. Let h = c + 203. List the prime factors of h.
1069
Suppose -10*z + 9*z = -3*q + 13462, -2*z = -4*q + 17946. List the prime factors of q.
67
Let n(j) = 3*j + 59. Let o be n(-20). Let w = 123 + -180. List the prime factors of o*(-2 + 1) - w.
2, 29
Suppose -34*k + 100168 = -198390 - 188968. What are the prime factors of k?
13, 1103
Suppose -127*u + 113*u + 524963 + 116279 = 0. What are the prime factors of u?
163, 281
Let g(n) = 32*n + 9. Let l = -18 + 24. Suppose -m = -2*y + 6, -3*m + y + 1 + l = 0. What are the prime factors of g(m)?
137
Let a = -17 + 28. Suppose 301 = 42*r + 385. What are the prime factors of 10680/66 - r/a?
2, 3
List the prime factors of 30*9140/15 + -5 + 0.
5, 17, 43
Suppose 5*w - 14 = 3*w. Suppose n - 214 = -w*m + 3*m, 5*n - 3*m - 1047 = 0. What are the prime factors of n?
2, 3, 5, 7
Suppose -512*o + 354*o + 1516168 = 0. What are the prime factors of o?
2, 2399
What are the prime factors of (-78)/117*(-10614)/4?
29, 61
Suppose 5*d + 3*n - 47 - 9 = 0, d = 5*n. Suppose -u = 3*o, u + o - d = -u. Let s(w) = 11*w - 40. List the prime factors of s(u).
2, 13
Suppose 3*q = 4*h + 7, -2*q + 5*h - 9 = -2. Suppose -6*l + 600 = q*l. What are the prime factors of l?
2, 5
Let u(g) = g**2 - 4*g + 2. Let p be u(3). Let f be (p + 11)*(-153)/(-6). Let v = -163 + f. What are the prime factors of v?
2, 23
Suppose 4655 = w - 2*b - 11326, 2*w = -b + 31987. Suppose 20*t - w - 7949 = 0. What are the prime factors of t?
3, 7, 19
Let a(y) = -31*y**2 + 1. Suppose -3*v + 2*b + 3*b = -19, 4*v - 4*b = 12. Let x be a(v). Let w = x - -271. List the prime factors of w.
2, 37
Let v = 832 + 166. Suppose -2*m - 2509 = -5*x, 11*x + 2*m - v = 9*x. What are the prime factors of x?
3, 167
Let b(z) = 5*z**3 + z**2 - 2*z + 1. Let l be b(1). Suppose 4*v = 68 - 52. Suppose 3*y - 4*y + 38 = c, l*y = -v*c + 149. List the prime factors of c.
41
Let d be 3/((-189)/33 - -6). Suppose -d*a - 481 + 2736 = 0. List the prime factors of a.
5, 41
Let w = -92 - -215. Let k = 231 - w. Let d = -17 + k. List the prime factors of d.
7, 13
Suppose -4*m + 3*g + 2604 = -2*g, -3*m = 5*g - 1918. Let w = 730 - m. What are the prime factors of w?
2, 3, 7
Let h = 108449 + -38996. What are the prime factors of h?
3, 7717
Let m be (2/4)/((-2)/44). Let a = -21 - m. What are the prime factors of (((-264)/a)/3)/((-14)/(-175))?
2, 5, 11
Let b(y) = 5*y**3 + 8*y**2 + 110*y + 68. What are the prime factors of b(14)?
2, 3, 11
Let g be (-2)/((-17)/(-4) + -4). Let j be g - (-2 + -3) - 10. Let v = 6 - j. List the prime factors of v.
19
Suppose 7*h - 3*h + 475 = -3*i, -i - 350 = 3*h. Let y = -84 - h. List the prime factors of y.
31
Let u(f) = 68*f**2 + 21*f - 185. What are the prime factors of u(-16)?
3, 13, 433
Let y = 39 - 32. Suppose y*s + 89 = -58. List the prime factors of (-8)/28 - 1917/s.
7, 13
Let l(r) = -2*r**2 + 25*r + 32. Let b be l(10). Suppose 0 = 6*y - 718 + b. List the prime factors of y.
2, 53
Let y(v) = 2*v + 10. Let a be y(5). Let u = 143 - a. Let f = u + -73. What are the prime factors of f?
2, 5
Suppose 5*n = -4*s + 40, s + 0*n = -4*n + 21. Suppose -s*l = -3*a + 817, -2*a + 3*l = 362 - 906. What are the prime factors of a?
269
Let w(m) be the second derivative of -9*m**5/20 + m**4/12 + m**3/3 + 3*m**2/2 - 200*m. Let y be -4*(2 + (-3)/2). What are the prime factors of w(y)?
3, 5
Suppose 0 = -11*r + 3*r + 4*r + 60748. What are the prime factors of r?
15187
Suppose 2*k + 0 + 2 = 0, -2*h - 5*k = -239. Suppose 0 = 5*w + f - 119, -f - f - 2 = 0. Suppose w*v - 26*v = -h. What are the prime factors of v?
61
Let u(l) = 3*l + 40. Let f be u(-13). Let q be 2/4*(4 + f - 7). List the prime factors of ((-18)/12)/(27/(-26) - q).
3, 13
Let b(g) = 470*g**2 - 458*g - 2267. List the prime factors of b(-5).
61, 193
Let a = 6111 - 3990. List the prime factors of a.
3, 7, 101
List the prime factors of 6/(-45) - (-14963520)/900.
2, 3, 17, 163
Suppose 5*b = 0, 3*a + 2*b + 2*b = -99438. List the prime factors of (-726)/187 + 4 - a/34.
3, 5, 13
Suppose 30509 = -8*b - 131379. What are the prime factors of (-66)/154 - (-3 + b/14)?
2, 181
Let j = -284 - -260. Let s(l) = -18*l - 40. List the prime factors of s(j).
2, 7
Let r be ((-692)/10)/(4/120). Let v = -912 - r. List the prime factors of v.
2, 3, 97
Suppose 2*a - 1679 = -f + 3440, f - a - 5131 = 0. List the prime factors of f.
3, 1709
Suppose 3*y - 8 = -5, 0 = -c - 4*y + 604. Suppose -c = -4*t + 440. List the prime factors of t.
2, 5, 13
Let r = -5015 - -9928. What are the prime factors of r?
17
Suppose -55*h + 29*h = -25*h - 3435. What are the prime factors of h?
3, 5, 229
Let f(c) = 4*c - 1. Let w be f(1). Let d(b) = -8*b - 8*b + 7*b + 1 + w - b**2. List the prime factors of d(-5).
2, 3
Let l(o) = -395*o - 966. What are the prime factors of l(-46)?
2, 11, 17, 23
Let q(r) be the second derivative of 179*r**3/6 - 9*r**2/2 + 40*r. What are the prime factors of q(1)?
2, 5, 17
Let j(a) = 13*a**3 - 38*a**2 - 10*a + 3. Let x be j(12). Suppose -4165 = -16*f + x. List the prime factors of f.
5, 263
Suppose 4*n - 9*n - 5*n = 0. Let q(a) = a**3 + 6*a + 1486. What are the prime factors of q(n)?
2, 743
Let r be 1915/(-4) + 1/(-4). Let a = r + 115. Let q = -175 - a. What are the prime factors of q?
3, 7
Let f = -1039 + 4842. What are the prime factors of f?
3803
Suppose -4*z - 8216 = 126*b - 127*b, 5*b + z = 40912. What are the prime factors of b?
2, 3, 11, 31
Let g(c) = -c**3 - 7*c**2 - 7*c + 11. Let d be g(-5). Let y(l) = -168*l - 6. List the prime factors of y(d).
2, 3, 37
Let m(s) = -98*s**2 + 2*s - 1. Let n be m(1). Suppose 5*w + 25 = 0, -7*w = -2*x - 2*w + 411. Let b = n + x. What are the prime factors of b?
2